{"id":3,"date":"2021-01-18T11:22:43","date_gmt":"2021-01-18T11:22:43","guid":{"rendered":"https:\/\/kirche-barlt.de\/?page_id=3"},"modified":"2021-02-07T16:05:26","modified_gmt":"2021-02-07T16:05:26","slug":"privacy-policy","status":"publish","type":"page","link":"https:\/\/kirche-barlt.de\/index.php\/privacy-policy\/","title":{"rendered":"Datenschutzerkl\u00e4rung"},"content":{"rendered":"\n<h2 class=\"wp-block-heading\">Quelle: WordPress<\/h2>\n\n\n\n<h1 class=\"wp-block-heading\"><strong>Wer wir sind<\/strong><\/h1>\n\n\n\n<p>Ev.-luth. Kirchengemeinde Barlt<\/p>\n\n\n\n<p><strong>Die Adresse unserer Website ist: <\/strong>https:\/\/kirche-barlt.de<\/p>\n\n\n\n<p><\/p>\n\n\n\n<h1 class=\"wp-block-heading\"><strong>Welche personenbezogenen Daten wir sammeln und warum wir sie sammeln<\/strong><\/h1>\n\n\n\n<p><strong>Kommentare<\/strong><\/p>\n\n\n\n<p>Wenn Besucher Kommentare auf der Website schreiben, sammeln wir die Daten, die im Kommentar-Formular angezeigt werden, au\u00dferdem die IP-Adresse des Besuchers und den User-Agent-String (damit wird der Browser identifiziert), um die Erkennung von Spam zu unterst\u00fctzen.<\/p>\n\n\n\n<p>Aus deiner E-Mail-Adresse kann eine anonymisierte Zeichenfolge erstellt (auch Hash genannt) und dem Gravatar-Dienst \u00fcbergeben werden, um zu pr\u00fcfen, ob du diesen benutzt. Die Datenschutzerkl\u00e4rung des Gravatar-Dienstes findest du hier: https:\/\/automattic.com\/privacy\/. Nachdem dein Kommentar freigegeben wurde, ist dein Profilbild \u00f6ffentlich im Kontext deines Kommentars sichtbar.<\/p>\n\n\n\n<h3 class=\"wp-block-heading\"><strong>Medien<\/strong><\/h3>\n\n\n\n<p>Wenn du ein registrierter Benutzer bist und Fotos auf diese Website l\u00e4dst, solltest du vermeiden, Fotos mit einem EXIF-GPS-Standort hochzuladen. Besucher dieser Website k\u00f6nnten Fotos, die auf dieser Website gespeichert sind, herunterladen und deren Standort-Informationen extrahieren.<\/p>\n\n\n\n<h3 class=\"wp-block-heading\"><strong>Cookies<\/strong><\/h3>\n\n\n\n<p>Wenn du einen Kommentar auf unserer Website schreibst, kann das eine Einwilligung sein, deinen Namen, E-Mail-Adresse und Website in Cookies zu speichern. Dies ist eine Komfortfunktion, damit du nicht, wenn du einen weiteren Kommentar schreibst, all diese Daten erneut eingeben musst. Diese Cookies werden ein Jahr lang gespeichert.<\/p>\n\n\n\n<p>Falls du ein Konto hast und dich auf dieser Website anmeldest, werden wir ein tempor\u00e4res Cookie setzen, um festzustellen, ob dein Browser Cookies akzeptiert. Dieses Cookie enth\u00e4lt keine personenbezogenen Daten und wird verworfen, wenn du deinen Browser schlie\u00dft.<\/p>\n\n\n\n<p>Wenn du dich anmeldest, werden wir einige Cookies einrichten, um deine Anmeldeinformationen und Anzeigeoptionen zu speichern. Anmelde-Cookies verfallen nach zwei Tagen und Cookies f\u00fcr die Anzeigeoptionen nach einem Jahr. Falls du bei der Anmeldung \u201eAngemeldet bleiben\u201c ausw\u00e4hlst, wird deine Anmeldung zwei Wochen lang aufrechterhalten. Mit der Abmeldung aus deinem Konto werden die Anmelde-Cookies gel\u00f6scht.<\/p>\n\n\n\n<p>Wenn du einen Artikel bearbeitest oder ver\u00f6ffentlichst, wird ein zus\u00e4tzlicher Cookie in deinem Browser gespeichert. Dieser Cookie enth\u00e4lt keine personenbezogenen Daten und verweist nur auf die Beitrags-ID des Artikels, den du gerade bearbeitet hast. Der Cookie verf\u00e4llt nach einem Tag.<\/p>\n\n\n\n<h1 class=\"wp-block-heading\"><strong>Eingebettete Inhalte von anderen Websites<\/strong><\/h1>\n\n\n\n<p>Beitr\u00e4ge auf dieser Website k\u00f6nnen eingebettete Inhalte beinhalten (z.&nbsp;B. Videos, Bilder, Beitr\u00e4ge etc.). Eingebettete Inhalte von anderen Websites verhalten sich exakt so, als ob der Besucher die andere Website besucht h\u00e4tte.<\/p>\n\n\n\n<p>Diese Websites k\u00f6nnen Daten \u00fcber dich sammeln, Cookies benutzen, zus\u00e4tzliche Tracking-Dienste von Dritten einbetten und deine Interaktion mit diesem eingebetteten Inhalt aufzeichnen, inklusive deiner Interaktion mit dem eingebetteten Inhalt, falls du ein Konto hast und auf dieser Website angemeldet bist.<\/p>\n\n\n\n<h1 class=\"wp-block-heading\"><strong>Analysedienste<\/strong><\/h1>\n\n\n\n<p>In diesem Unterabschnitt solltest du angeben, welche Analysedienste du verwendest, wie Benutzer das Analyse-Tracking ablehnen k\u00f6nnen sowie einen Link zur Datenschutzerkl\u00e4rung deines Analysedienst-Anbieters einf\u00fcgen, falls vorhanden.<\/p>\n\n\n\n<p>Standardm\u00e4\u00dfig sammelt WordPress keine Analysedaten. Allerdings sammeln viele Webhosting-Konten einige anonyme Analysedaten. M\u00f6glicherweise hast du auch ein WordPress-Plugin installiert, das Analysedienste bereitstellt. In diesem Fall f\u00fcge Informationen aus diesem Plugin hier hinzu.<\/p>\n\n\n\n<h1 class=\"wp-block-heading\"><strong>Mit wem wir deine Daten teilen<\/strong><\/h1>\n\n\n\n<p>Wenn du eine Zur\u00fccksetzung des Passworts beantragst, wird deine IP-Adresse in der E-Mail zur Zur\u00fccksetzung enthalten sein.<\/p>\n\n\n\n<h1 class=\"wp-block-heading\"><strong>Wie lange wir deine Daten speichern<\/strong><\/h1>\n\n\n\n<p>Wenn du einen Kommentar schreibst, wird dieser inklusive Metadaten zeitlich unbegrenzt gespeichert. Auf diese Art k\u00f6nnen wir Folgekommentare automatisch erkennen und freigeben, anstatt sie in einer Moderations-Warteschlange festzuhalten.<\/p>\n\n\n\n<p>F\u00fcr Benutzer, die sich auf unserer Website registrieren, speichern wir zus\u00e4tzlich die pers\u00f6nlichen Informationen, die sie in ihren Benutzerprofilen angeben. Alle Benutzer k\u00f6nnen jederzeit ihre pers\u00f6nlichen Informationen einsehen, ver\u00e4ndern oder l\u00f6schen (der Benutzername kann nicht ver\u00e4ndert werden). Administratoren der Website k\u00f6nnen diese Informationen ebenfalls einsehen und ver\u00e4ndern.<\/p>\n\n\n\n<h1 class=\"wp-block-heading\"><strong>Welche Rechte du an deinen Daten hast<\/strong><\/h1>\n\n\n\n<p>Wenn du ein Konto auf dieser Website besitzt oder Kommentare geschrieben hast, kannst du einen Export deiner personenbezogenen Daten bei uns anfordern, inklusive aller Daten, die du uns mitgeteilt hast. Dar\u00fcber hinaus kannst du die L\u00f6schung aller personenbezogenen Daten, die wir von dir gespeichert haben, anfordern. Dies umfasst nicht die Daten, die wir aufgrund administrativer, rechtlicher oder sicherheitsrelevanter Notwendigkeiten aufbewahren m\u00fcssen.<\/p>\n\n\n\n<h1 class=\"wp-block-heading\"><strong>Wohin wir deine Daten senden<\/strong><\/h1>\n\n\n\n<p>Besucher-Kommentare k\u00f6nnten von einem automatisierten Dienst zur Spam-Erkennung untersucht werden.<\/p>\n\n\n\n<h1 class=\"wp-block-heading\"><strong>Kontakt-Informationen<\/strong><\/h1>\n\n\n\n<p>Ev.-luth. Kirchengemeinde Barlt<\/p>\n\n\n\n<p>Ansprechpartner: B\u00e4rbel Ehrenberg<\/p>\n\n\n\n<p>Dorfstra\u00dfe 48<\/p>\n\n\n\n<p>25719 Barlt<\/p>\n\n\n\n<p>Telefon: 0 48 57-5 86<\/p>\n\n\n\n<p>e-mail: <a href=\"mailto:barlt@kirche-dithmarschen.de\">barlt@kirche-dithmarschen.de<\/a><\/p>\n\n\n\n<h1 class=\"wp-block-heading\"><strong>Wie wir deine Daten sch\u00fctzen<\/strong><\/h1>\n\n\n\n<p>In diesem Bereich solltest du erl\u00e4utern, welche Ma\u00dfnahmen du ergriffen hast, um deine Benutzerdaten zu sch\u00fctzen. Dies umfasst technische Ma\u00dfnahmen wie Verschl\u00fcsselung, Sicherheitsma\u00dfnahmen wie Zwei-Faktor-Authentifizierung und menschliche Faktoren wie Datenschutz-Schulungen f\u00fcr die Mitarbeiter. Wenn du eine Datenschutz-Folgenabsch\u00e4tzung erstellt hast, kannst du sie hier auch erw\u00e4hnen.<\/p>\n\n\n\n<h1 class=\"wp-block-heading\"><strong>Welche Ma\u00dfnahmen wir bei Datenschutzverletzungen anbieten<\/strong><\/h1>\n\n\n\n<p>In diesem Bereich solltest du erl\u00e4utern, welche Ma\u00dfnahmen du ergriffen hast, um mit potentiellen oder realen Datenlecks umzugehen, beispielsweise interne Reporting-Systeme, Kontaktmechanismen oder Bug-Bounty-Programme.<\/p>\n\n\n\n<h1 class=\"wp-block-heading\"><strong>Vorausgesetzte Offenlegungspflichten der Industrie<\/strong><\/h1>\n\n\n\n<p>Wenn du einer regulierten Branche angeh\u00f6rst oder zus\u00e4tzlichen Datenschutzgesetzen unterliegst, bist du m\u00f6glicherweise verpflichtet, diese Informationen hier offenzulegen.<\/p>\n","protected":false},"excerpt":{"rendered":"<p>Quelle: WordPress Wer wir sind Ev.-luth. Kirchengemeinde Barlt Die Adresse unserer Website ist: https:\/\/kirche-barlt.de Welche personenbezogenen Daten wir sammeln und warum wir sie sammeln Kommentare<\/p>\n","protected":false},"author":1,"featured_media":0,"parent":0,"menu_order":0,"comment_status":"closed","ping_status":"closed","template":"","meta":{"footnotes":""},"class_list":["post-3","page","type-page","status-publish","hentry"],"_links":{"self":[{"href":"https:\/\/kirche-barlt.de\/index.php\/wp-json\/wp\/v2\/pages\/3","targetHints":{"allow":["GET"]}}],"collection":[{"href":"https:\/\/kirche-barlt.de\/index.php\/wp-json\/wp\/v2\/pages"}],"about":[{"href":"https:\/\/kirche-barlt.de\/index.php\/wp-json\/wp\/v2\/types\/page"}],"author":[{"embeddable":true,"href":"https:\/\/kirche-barlt.de\/index.php\/wp-json\/wp\/v2\/users\/1"}],"replies":[{"embeddable":true,"href":"https:\/\/kirche-barlt.de\/index.php\/wp-json\/wp\/v2\/comments?post=3"}],"version-history":[{"count":3,"href":"https:\/\/kirche-barlt.de\/index.php\/wp-json\/wp\/v2\/pages\/3\/revisions"}],"predecessor-version":[{"id":218,"href":"https:\/\/kirche-barlt.de\/index.php\/wp-json\/wp\/v2\/pages\/3\/revisions\/218"}],"wp:attachment":[{"href":"https:\/\/kirche-barlt.de\/index.php\/wp-json\/wp\/v2\/media?parent=3"}],"curies":[{"name":"wp","href":"https:\/\/api.w.org\/{rel}","templated":true}]}}

Datenschutzerklärung

<h2 class="wp-block-heading">Quelle: WordPress</h2>



<h1 class="wp-block-heading"><strong>Wer wir sind</strong></h1>



<p>Ev.-luth. Kirchengemeinde Barlt</p>



<p><strong>Die Adresse unserer Website ist: </strong>https://kirche-barlt.de</p>



<p></p>



<h1 class="wp-block-heading"><strong>Welche personenbezogenen Daten wir sammeln und warum wir sie sammeln</strong></h1>



<p><strong>Kommentare</strong></p>



<p>Wenn Besucher Kommentare auf der Website schreiben, sammeln wir die Daten, die im Kommentar-Formular angezeigt werden, außerdem die IP-Adresse des Besuchers und den User-Agent-String (damit wird der Browser identifiziert), um die Erkennung von Spam zu unterstützen.</p>



<p>Aus deiner E-Mail-Adresse kann eine anonymisierte Zeichenfolge erstellt (auch Hash genannt) und dem Gravatar-Dienst übergeben werden, um zu prüfen, ob du diesen benutzt. Die Datenschutzerklärung des Gravatar-Dienstes findest du hier: https://automattic.com/privacy/. Nachdem dein Kommentar freigegeben wurde, ist dein Profilbild öffentlich im Kontext deines Kommentars sichtbar.</p>



<h3 class="wp-block-heading"><strong>Medien</strong></h3>



<p>Wenn du ein registrierter Benutzer bist und Fotos auf diese Website lädst, solltest du vermeiden, Fotos mit einem EXIF-GPS-Standort hochzuladen. Besucher dieser Website könnten Fotos, die auf dieser Website gespeichert sind, herunterladen und deren Standort-Informationen extrahieren.</p>



<h3 class="wp-block-heading"><strong>Cookies</strong></h3>



<p>Wenn du einen Kommentar auf unserer Website schreibst, kann das eine Einwilligung sein, deinen Namen, E-Mail-Adresse und Website in Cookies zu speichern. Dies ist eine Komfortfunktion, damit du nicht, wenn du einen weiteren Kommentar schreibst, all diese Daten erneut eingeben musst. Diese Cookies werden ein Jahr lang gespeichert.</p>



<p>Falls du ein Konto hast und dich auf dieser Website anmeldest, werden wir ein temporäres Cookie setzen, um festzustellen, ob dein Browser Cookies akzeptiert. Dieses Cookie enthält keine personenbezogenen Daten und wird verworfen, wenn du deinen Browser schließt.</p>



<p>Wenn du dich anmeldest, werden wir einige Cookies einrichten, um deine Anmeldeinformationen und Anzeigeoptionen zu speichern. Anmelde-Cookies verfallen nach zwei Tagen und Cookies für die Anzeigeoptionen nach einem Jahr. Falls du bei der Anmeldung „Angemeldet bleiben“ auswählst, wird deine Anmeldung zwei Wochen lang aufrechterhalten. Mit der Abmeldung aus deinem Konto werden die Anmelde-Cookies gelöscht.</p>



<p>Wenn du einen Artikel bearbeitest oder veröffentlichst, wird ein zusätzlicher Cookie in deinem Browser gespeichert. Dieser Cookie enthält keine personenbezogenen Daten und verweist nur auf die Beitrags-ID des Artikels, den du gerade bearbeitet hast. Der Cookie verfällt nach einem Tag.</p>



<h1 class="wp-block-heading"><strong>Eingebettete Inhalte von anderen Websites</strong></h1>



<p>Beiträge auf dieser Website können eingebettete Inhalte beinhalten (z.&nbsp;B. Videos, Bilder, Beiträge etc.). Eingebettete Inhalte von anderen Websites verhalten sich exakt so, als ob der Besucher die andere Website besucht hätte.</p>



<p>Diese Websites können Daten über dich sammeln, Cookies benutzen, zusätzliche Tracking-Dienste von Dritten einbetten und deine Interaktion mit diesem eingebetteten Inhalt aufzeichnen, inklusive deiner Interaktion mit dem eingebetteten Inhalt, falls du ein Konto hast und auf dieser Website angemeldet bist.</p>



<h1 class="wp-block-heading"><strong>Analysedienste</strong></h1>



<p>In diesem Unterabschnitt solltest du angeben, welche Analysedienste du verwendest, wie Benutzer das Analyse-Tracking ablehnen können sowie einen Link zur Datenschutzerklärung deines Analysedienst-Anbieters einfügen, falls vorhanden.</p>



<p>Standardmäßig sammelt WordPress keine Analysedaten. Allerdings sammeln viele Webhosting-Konten einige anonyme Analysedaten. Möglicherweise hast du auch ein WordPress-Plugin installiert, das Analysedienste bereitstellt. In diesem Fall füge Informationen aus diesem Plugin hier hinzu.</p>



<h1 class="wp-block-heading"><strong>Mit wem wir deine Daten teilen</strong></h1>



<p>Wenn du eine Zurücksetzung des Passworts beantragst, wird deine IP-Adresse in der E-Mail zur Zurücksetzung enthalten sein.</p>



<h1 class="wp-block-heading"><strong>Wie lange wir deine Daten speichern</strong></h1>



<p>Wenn du einen Kommentar schreibst, wird dieser inklusive Metadaten zeitlich unbegrenzt gespeichert. Auf diese Art können wir Folgekommentare automatisch erkennen und freigeben, anstatt sie in einer Moderations-Warteschlange festzuhalten.</p>



<p>Für Benutzer, die sich auf unserer Website registrieren, speichern wir zusätzlich die persönlichen Informationen, die sie in ihren Benutzerprofilen angeben. Alle Benutzer können jederzeit ihre persönlichen Informationen einsehen, verändern oder löschen (der Benutzername kann nicht verändert werden). Administratoren der Website können diese Informationen ebenfalls einsehen und verändern.</p>



<h1 class="wp-block-heading"><strong>Welche Rechte du an deinen Daten hast</strong></h1>



<p>Wenn du ein Konto auf dieser Website besitzt oder Kommentare geschrieben hast, kannst du einen Export deiner personenbezogenen Daten bei uns anfordern, inklusive aller Daten, die du uns mitgeteilt hast. Darüber hinaus kannst du die Löschung aller personenbezogenen Daten, die wir von dir gespeichert haben, anfordern. Dies umfasst nicht die Daten, die wir aufgrund administrativer, rechtlicher oder sicherheitsrelevanter Notwendigkeiten aufbewahren müssen.</p>



<h1 class="wp-block-heading"><strong>Wohin wir deine Daten senden</strong></h1>



<p>Besucher-Kommentare könnten von einem automatisierten Dienst zur Spam-Erkennung untersucht werden.</p>



<h1 class="wp-block-heading"><strong>Kontakt-Informationen</strong></h1>



<p>Ev.-luth. Kirchengemeinde Barlt</p>



<p>Ansprechpartner: Bärbel Ehrenberg</p>



<p>Dorfstraße 48</p>



<p>25719 Barlt</p>



<p>Telefon: 0 48 57-5 86</p>



<p>e-mail: <a href="mailto:barlt@kirche-dithmarschen.de">barlt@kirche-dithmarschen.de</a></p>



<h1 class="wp-block-heading"><strong>Wie wir deine Daten schützen</strong></h1>



<p>In diesem Bereich solltest du erläutern, welche Maßnahmen du ergriffen hast, um deine Benutzerdaten zu schützen. Dies umfasst technische Maßnahmen wie Verschlüsselung, Sicherheitsmaßnahmen wie Zwei-Faktor-Authentifizierung und menschliche Faktoren wie Datenschutz-Schulungen für die Mitarbeiter. Wenn du eine Datenschutz-Folgenabschätzung erstellt hast, kannst du sie hier auch erwähnen.</p>



<h1 class="wp-block-heading"><strong>Welche Maßnahmen wir bei Datenschutzverletzungen anbieten</strong></h1>



<p>In diesem Bereich solltest du erläutern, welche Maßnahmen du ergriffen hast, um mit potentiellen oder realen Datenlecks umzugehen, beispielsweise interne Reporting-Systeme, Kontaktmechanismen oder Bug-Bounty-Programme.</p>



<h1 class="wp-block-heading"><strong>Vorausgesetzte Offenlegungspflichten der Industrie</strong></h1>



<p>Wenn du einer regulierten Branche angehörst oder zusätzlichen Datenschutzgesetzen unterliegst, bist du möglicherweise verpflichtet, diese Informationen hier offenzulegen.</p>
