{"id":181,"date":"2021-02-07T15:00:41","date_gmt":"2021-02-07T15:00:41","guid":{"rendered":"https:\/\/kirche-barlt.de\/index.php\/mesmerize\/"},"modified":"2021-02-08T14:59:36","modified_gmt":"2021-02-08T14:59:36","slug":"mesmerize","status":"publish","type":"page","link":"https:\/\/kirche-barlt.de\/","title":{"rendered":"St. Marien Kirche Barlt"},"content":{"rendered":"\n<div class=\"wp-block-columns are-vertically-aligned-center is-layout-flex wp-container-core-columns-is-layout-9d6595d7 wp-block-columns-is-layout-flex\">\n<div class=\"wp-block-column is-vertically-aligned-center is-layout-flow wp-block-column-is-layout-flow\" style=\"flex-basis:100%\">\n<div class=\"wp-block-group\"><div class=\"wp-block-group__inner-container is-layout-flow wp-block-group-is-layout-flow\">\n<div class=\"wp-block-columns is-layout-flex wp-container-core-columns-is-layout-9d6595d7 wp-block-columns-is-layout-flex\">\n<div class=\"wp-block-column is-layout-flow wp-block-column-is-layout-flow\" style=\"flex-basis:100%\">\n<div class=\"wp-block-columns are-vertically-aligned-bottom is-layout-flex wp-container-core-columns-is-layout-9d6595d7 wp-block-columns-is-layout-flex\">\n<div class=\"wp-block-column is-vertically-aligned-bottom is-layout-flow wp-block-column-is-layout-flow\" style=\"flex-basis:100%\">\n<div class=\"wp-block-group\"><div class=\"wp-block-group__inner-container is-layout-flow wp-block-group-is-layout-flow\">\n<div class=\"wp-block-group\"><div class=\"wp-block-group__inner-container is-layout-flow wp-block-group-is-layout-flow\">\n<p class=\"overlappable-4 content-section content-section-spacing\" style=\"background-color: #ffffff;\" data-label=\"Overlappable\" data-id=\"overlappable-4\" data-export-id=\"overlappable-4\" data-category=\"overlappable\" data-overlap=\"true\">Der Gr\u00fcndungstag der Barlter Kirche ist der 29. Oktober 1428, dies geht aus der Gr\u00fcndungsurkunde des Hamburger Dompropstes Otto von Hoya hervor. Der Dachstuhl wurde 1458 erbaut und ist damit einer der \u00e4ltesten Dachst\u00fchle Nordelbiens. Mit dem Bau der Kirche wurde Barlt zum selbst\u00e4ndigen Kirchspiel.<\/p>\n<div class=\"gridContainer\">\n<div class=\"row spaced-cols text-center\" data-type=\"row\">\n<div class=\"col-xs-12 col-sm-4 col-padding\"><i class=\"fa icon fa-clone large shadow-large-black round aligncenter reverse color1\"><\/i>\n<p>\u00a0<\/p>\n<h2 style=\"text-align: center;\">\u00a0\u00a0\u00a0\u00a0\u00a0\u00a0\u00a0\u00a0\u00a0\u00a0\u00a0\u00a0\u00a0\u00a0\u00a0\u00a0\u00a0\u00a0\u00a0\u00a0\u00a0\u00a0\u00a0<span style=\"color: #00ccff;\"><img loading=\"lazy\" decoding=\"async\" class=\"wp-image-40 alignleft\" src=\"https:\/\/kirche-barlt.de\/wp-content\/uploads\/2021\/02\/cropped-cropped-kirche-2-scaled-1-300x300.jpg\" alt=\"\" width=\"382\" height=\"382\" srcset=\"https:\/\/kirche-barlt.de\/wp-content\/uploads\/2021\/02\/cropped-cropped-kirche-2-scaled-1-300x300.jpg 300w, https:\/\/kirche-barlt.de\/wp-content\/uploads\/2021\/02\/cropped-cropped-kirche-2-scaled-1-1024x1024.jpg 1024w, https:\/\/kirche-barlt.de\/wp-content\/uploads\/2021\/02\/cropped-cropped-kirche-2-scaled-1-150x150.jpg 150w, https:\/\/kirche-barlt.de\/wp-content\/uploads\/2021\/02\/cropped-cropped-kirche-2-scaled-1-768x768.jpg 768w, https:\/\/kirche-barlt.de\/wp-content\/uploads\/2021\/02\/cropped-cropped-kirche-2-scaled-1-1536x1536.jpg 1536w, https:\/\/kirche-barlt.de\/wp-content\/uploads\/2021\/02\/cropped-cropped-kirche-2-scaled-1.jpg 1920w\" sizes=\"auto, (max-width: 382px) 100vw, 382px\" \/> \u00a0\u00a0 <br \/><\/span><\/h2>\n<h2>\u00a0<\/h2>\n<div data-type=\"column\">\u00a0<\/div>\n<\/div>\n<div class=\"col-xs-12 col-sm-4 col-padding\">\n<div data-type=\"column\">\n<h5>\u00a0<\/h5>\n<\/div>\n<\/div>\n<\/div>\n<\/div>\n<div id=\"about-1\" class=\"about-1 content-section\" style=\"background-color: #f5fafd;\" data-label=\"About\" data-id=\"about-1\" data-export-id=\"about-1\" data-category=\"about\">\n<div class=\"gridContainer\">\n<div class=\"row text-center\">\n<div class=\"section-title-col\" data-type=\"column\">\n<h2>\u00a0<\/h2>\n<\/div>\n<\/div>\n<div class=\"row\">\u00a0<\/div>\n<\/div>\n<\/div>\n<div id=\"content-14\" class=\"content-3 content-section content-section-spacing\" style=\"background-color: #ffffff;\" data-label=\"Content\" data-id=\"content-3\" data-export-id=\"content-3\" data-category=\"content\">\n<div>\n<div class=\"row middle-xs\">\n<div class=\"col-sm-7 full-col-left-padding full-col-right-padding\">\n<div class=\"row spaced-cols\" data-type=\"row\">\n<div class=\"col-xs-6\" data-type=\"column\">\u00a0<\/div>\n<div class=\"col-xs-6\" data-type=\"column\">\u00a0<\/div>\n<\/div>\n<\/div>\n<\/div>\n<\/div>\n<\/div>\n<div id=\"portfolio-3\" class=\"portfolio-4 content-section content-section-spacing-top\" style=\"background-color: #f5fafd;\" data-label=\"Portfolio\" data-id=\"portfolio-4\" data-export-id=\"portfolio-4\" data-category=\"portfolio\">\n<div class=\"\">\n<div class=\"row text-center\">\n<div class=\"section-title-col\" data-type=\"column\">\n<p class=\"lead\">\u00a0<\/p>\n<\/div>\n<\/div>\n<div class=\"row\" data-type=\"row\" data-fixed=\"true\">\n<div class=\"col-xs-12 col-sm-3 no-gutter-col\">\n<div class=\"contentswap-effect \" data-hover-fx=\"portfolio-4\">\n<div class=\"initial-image\">\u00a0<\/div>\n<div class=\"overlay bg-color1\">\u00a0<\/div>\n<\/div>\n<\/div>\n<\/div>\n<\/div>\n<\/div>\n<div id=\"latest-news-1\" class=\"blog-section blog-section-standard content-section content-section-spacing\" style=\"background-color: #f5fafd;\" data-label=\"Latest-news\" data-id=\"blog-section\" data-export-id=\"blog-section\" data-category=\"latest_news\">\n<div class=\"gridContainer\">\n<div class=\"row\">\n<div class=\"section-title-col\" data-type=\"column\">\u00a0<\/div>\n<\/div>\n<\/div>\n<\/div>\n<div id=\"contact-1\" class=\"contact-1 content-section content-section-spacing white-text\" data-label=\"Contact\" data-id=\"contact-1\" data-export-id=\"contact-1\" data-category=\"contact\" data-parallax-depth=\"20\">\n<div class=\"gridContainer\">\n<div class=\"row text-center\">\n<div class=\"section-title-col\" data-type=\"column\">\n<p class=\"lead\">\u00a0<\/p>\n<\/div>\n<\/div>\n<\/div>\n<\/div>\n<\/div><\/div>\n<\/div><\/div>\n<\/div>\n<\/div>\n<\/div>\n<\/div>\n<\/div><\/div>\n<\/div>\n<\/div>\n\n\n\n<p><\/p>\n","protected":false},"excerpt":{"rendered":"<p>Der Gr\u00fcndungstag der Barlter Kirche ist der 29. Oktober 1428, dies geht aus der Gr\u00fcndungsurkunde des Hamburger Dompropstes Otto von Hoya hervor. Der Dachstuhl wurde<\/p>\n","protected":false},"author":2,"featured_media":0,"parent":0,"menu_order":0,"comment_status":"closed","ping_status":"closed","template":"page-templates\/homepage.php","meta":{"footnotes":""},"class_list":["post-181","page","type-page","status-publish","hentry"],"_links":{"self":[{"href":"https:\/\/kirche-barlt.de\/index.php\/wp-json\/wp\/v2\/pages\/181","targetHints":{"allow":["GET"]}}],"collection":[{"href":"https:\/\/kirche-barlt.de\/index.php\/wp-json\/wp\/v2\/pages"}],"about":[{"href":"https:\/\/kirche-barlt.de\/index.php\/wp-json\/wp\/v2\/types\/page"}],"author":[{"embeddable":true,"href":"https:\/\/kirche-barlt.de\/index.php\/wp-json\/wp\/v2\/users\/2"}],"replies":[{"embeddable":true,"href":"https:\/\/kirche-barlt.de\/index.php\/wp-json\/wp\/v2\/comments?post=181"}],"version-history":[{"count":10,"href":"https:\/\/kirche-barlt.de\/index.php\/wp-json\/wp\/v2\/pages\/181\/revisions"}],"predecessor-version":[{"id":243,"href":"https:\/\/kirche-barlt.de\/index.php\/wp-json\/wp\/v2\/pages\/181\/revisions\/243"}],"wp:attachment":[{"href":"https:\/\/kirche-barlt.de\/index.php\/wp-json\/wp\/v2\/media?parent=181"}],"curies":[{"name":"wp","href":"https:\/\/api.w.org\/{rel}","templated":true}]}}

<div class="wp-block-columns are-vertically-aligned-center is-layout-flex wp-container-core-columns-is-layout-9d6595d7 wp-block-columns-is-layout-flex">
<div class="wp-block-column is-vertically-aligned-center is-layout-flow wp-block-column-is-layout-flow" style="flex-basis:100%">
<div class="wp-block-group"><div class="wp-block-group__inner-container is-layout-flow wp-block-group-is-layout-flow">
<div class="wp-block-columns is-layout-flex wp-container-core-columns-is-layout-9d6595d7 wp-block-columns-is-layout-flex">
<div class="wp-block-column is-layout-flow wp-block-column-is-layout-flow" style="flex-basis:100%">
<div class="wp-block-columns are-vertically-aligned-bottom is-layout-flex wp-container-core-columns-is-layout-9d6595d7 wp-block-columns-is-layout-flex">
<div class="wp-block-column is-vertically-aligned-bottom is-layout-flow wp-block-column-is-layout-flow" style="flex-basis:100%">
<div class="wp-block-group"><div class="wp-block-group__inner-container is-layout-flow wp-block-group-is-layout-flow">
<div class="wp-block-group"><div class="wp-block-group__inner-container is-layout-flow wp-block-group-is-layout-flow">
<p class="overlappable-4 content-section content-section-spacing" style="background-color: #ffffff;" data-label="Overlappable" data-id="overlappable-4" data-export-id="overlappable-4" data-category="overlappable" data-overlap="true">Der Gründungstag der Barlter Kirche ist der 29. Oktober 1428, dies geht aus der Gründungsurkunde des Hamburger Dompropstes Otto von Hoya hervor. Der Dachstuhl wurde 1458 erbaut und ist damit einer der ältesten Dachstühle Nordelbiens. Mit dem Bau der Kirche wurde Barlt zum selbständigen Kirchspiel.</p>
<div class="gridContainer">
<div class="row spaced-cols text-center" data-type="row">
<div class="col-xs-12 col-sm-4 col-padding"><i class="fa icon fa-clone large shadow-large-black round aligncenter reverse color1"></i>
<p> </p>
<h2 style="text-align: center;">                       <span style="color: #00ccff;"><img loading="lazy" decoding="async" class="wp-image-40 alignleft" src="https://kirche-barlt.de/wp-content/uploads/2021/02/cropped-cropped-kirche-2-scaled-1-300x300.jpg" alt="" width="382" height="382" srcset="https://kirche-barlt.de/wp-content/uploads/2021/02/cropped-cropped-kirche-2-scaled-1-300x300.jpg 300w, https://kirche-barlt.de/wp-content/uploads/2021/02/cropped-cropped-kirche-2-scaled-1-1024x1024.jpg 1024w, https://kirche-barlt.de/wp-content/uploads/2021/02/cropped-cropped-kirche-2-scaled-1-150x150.jpg 150w, https://kirche-barlt.de/wp-content/uploads/2021/02/cropped-cropped-kirche-2-scaled-1-768x768.jpg 768w, https://kirche-barlt.de/wp-content/uploads/2021/02/cropped-cropped-kirche-2-scaled-1-1536x1536.jpg 1536w, https://kirche-barlt.de/wp-content/uploads/2021/02/cropped-cropped-kirche-2-scaled-1.jpg 1920w" sizes="auto, (max-width: 382px) 100vw, 382px" />    <br /></span></h2>
<h2> </h2>
<div data-type="column"> </div>
</div>
<div class="col-xs-12 col-sm-4 col-padding">
<div data-type="column">
<h5> </h5>
</div>
</div>
</div>
</div>
<div id="about-1" class="about-1 content-section" style="background-color: #f5fafd;" data-label="About" data-id="about-1" data-export-id="about-1" data-category="about">
<div class="gridContainer">
<div class="row text-center">
<div class="section-title-col" data-type="column">
<h2> </h2>
</div>
</div>
<div class="row"> </div>
</div>
</div>
<div id="content-14" class="content-3 content-section content-section-spacing" style="background-color: #ffffff;" data-label="Content" data-id="content-3" data-export-id="content-3" data-category="content">
<div>
<div class="row middle-xs">
<div class="col-sm-7 full-col-left-padding full-col-right-padding">
<div class="row spaced-cols" data-type="row">
<div class="col-xs-6" data-type="column"> </div>
<div class="col-xs-6" data-type="column"> </div>
</div>
</div>
</div>
</div>
</div>
<div id="portfolio-3" class="portfolio-4 content-section content-section-spacing-top" style="background-color: #f5fafd;" data-label="Portfolio" data-id="portfolio-4" data-export-id="portfolio-4" data-category="portfolio">
<div class="">
<div class="row text-center">
<div class="section-title-col" data-type="column">
<p class="lead"> </p>
</div>
</div>
<div class="row" data-type="row" data-fixed="true">
<div class="col-xs-12 col-sm-3 no-gutter-col">
<div class="contentswap-effect " data-hover-fx="portfolio-4">
<div class="initial-image"> </div>
<div class="overlay bg-color1"> </div>
</div>
</div>
</div>
</div>
</div>
<div id="latest-news-1" class="blog-section blog-section-standard content-section content-section-spacing" style="background-color: #f5fafd;" data-label="Latest-news" data-id="blog-section" data-export-id="blog-section" data-category="latest_news">
<div class="gridContainer">
<div class="row">
<div class="section-title-col" data-type="column"> </div>
</div>
</div>
</div>
<div id="contact-1" class="contact-1 content-section content-section-spacing white-text" data-label="Contact" data-id="contact-1" data-export-id="contact-1" data-category="contact" data-parallax-depth="20">
<div class="gridContainer">
<div class="row text-center">
<div class="section-title-col" data-type="column">
<p class="lead"> </p>
</div>
</div>
</div>
</div>
</div></div>
</div></div>
</div>
</div>
</div>
</div>
</div></div>
</div>
</div>



<p></p>

<p>Der Gründungstag der Barlter Kirche ist der 29. Oktober 1428, dies geht aus der Gründungsurkunde des Hamburger Dompropstes Otto von Hoya hervor. Der Dachstuhl wurde</p>
